{"id":677,"date":"2024-12-25T11:02:09","date_gmt":"2024-12-25T09:02:09","guid":{"rendered":"https:\/\/pawelbielsko.sacio.pl\/?page_id=677"},"modified":"2025-01-29T13:46:07","modified_gmt":"2025-01-29T11:46:07","slug":"wspolnota-domowego-kosciola","status":"publish","type":"page","link":"https:\/\/parafiaswpawla.pl\/index.php\/wspolnota-domowego-kosciola\/","title":{"rendered":"Wsp\u00f3lnota Domowego Ko\u015bcio\u0142a"},"content":{"rendered":"<div class=\"wp-block-image\">\n<figure class=\"aligncenter size-full is-resized\"><img loading=\"lazy\" decoding=\"async\" width=\"633\" height=\"907\" src=\"https:\/\/parafiaswpawla.pl\/wp-content\/uploads\/2025\/01\/Oaza1.jpg\" alt=\"\" class=\"wp-image-696\" style=\"width:633px;height:auto\" srcset=\"https:\/\/parafiaswpawla.pl\/wp-content\/uploads\/2025\/01\/Oaza1.jpg 633w, https:\/\/parafiaswpawla.pl\/wp-content\/uploads\/2025\/01\/Oaza1-209x300.jpg 209w\" sizes=\"auto, (max-width: 633px) 100vw, 633px\" \/><\/figure>\n<\/div>\n\n<div class=\"wp-block-image\">\n<figure class=\"aligncenter size-full\"><img loading=\"lazy\" decoding=\"async\" width=\"635\" height=\"857\" src=\"https:\/\/parafiaswpawla.pl\/wp-content\/uploads\/2025\/01\/Oaza2.jpg\" alt=\"\" class=\"wp-image-698\" srcset=\"https:\/\/parafiaswpawla.pl\/wp-content\/uploads\/2025\/01\/Oaza2.jpg 635w, https:\/\/parafiaswpawla.pl\/wp-content\/uploads\/2025\/01\/Oaza2-222x300.jpg 222w\" sizes=\"auto, (max-width: 635px) 100vw, 635px\" \/><\/figure>\n<\/div>","protected":false},"excerpt":{"rendered":"","protected":false},"author":1,"featured_media":0,"parent":0,"menu_order":0,"comment_status":"closed","ping_status":"closed","template":"","meta":{"footnotes":""},"class_list":["post-677","page","type-page","status-publish","hentry"],"_links":{"self":[{"href":"https:\/\/parafiaswpawla.pl\/index.php\/wp-json\/wp\/v2\/pages\/677","targetHints":{"allow":["GET"]}}],"collection":[{"href":"https:\/\/parafiaswpawla.pl\/index.php\/wp-json\/wp\/v2\/pages"}],"about":[{"href":"https:\/\/parafiaswpawla.pl\/index.php\/wp-json\/wp\/v2\/types\/page"}],"author":[{"embeddable":true,"href":"https:\/\/parafiaswpawla.pl\/index.php\/wp-json\/wp\/v2\/users\/1"}],"replies":[{"embeddable":true,"href":"https:\/\/parafiaswpawla.pl\/index.php\/wp-json\/wp\/v2\/comments?post=677"}],"version-history":[{"count":2,"href":"https:\/\/parafiaswpawla.pl\/index.php\/wp-json\/wp\/v2\/pages\/677\/revisions"}],"predecessor-version":[{"id":699,"href":"https:\/\/parafiaswpawla.pl\/index.php\/wp-json\/wp\/v2\/pages\/677\/revisions\/699"}],"wp:attachment":[{"href":"https:\/\/parafiaswpawla.pl\/index.php\/wp-json\/wp\/v2\/media?parent=677"}],"curies":[{"name":"wp","href":"https:\/\/api.w.org\/{rel}","templated":true}]}}